{"id":31,"date":"2017-08-15T10:34:55","date_gmt":"2017-08-15T10:34:55","guid":{"rendered":"http:\/\/cooltrade.planeetta.com\/?page_id=31"},"modified":"2020-09-07T13:04:53","modified_gmt":"2020-09-07T10:04:53","slug":"coolline-hoyrystimet-ja-ilmanjaahdyttimet","status":"publish","type":"page","link":"https:\/\/www.cooltrade.fi\/index.php\/coolline-tuotteet\/coolline-hoyrystimet-ja-ilmanjaahdyttimet\/","title":{"rendered":"H\u00f6yrystimet ja ilmanj\u00e4\u00e4hdyttimet"},"content":{"rendered":"<div id=\"pg-31-0\"  class=\"panel-grid\" ><div class=\"panel-grid-core\"><div id=\"pgc-31-0-0\"  class=\"panel-grid-cell \" ><div class=\"panel-widget-style\" ><h1 style=\"font-style: normal;\"><span>CoolLine-h\u00f6yrystimet ja -ilmanj\u00e4\u00e4hdyttimet<\/span><\/h1><\/div><\/div><\/div><\/div><div id=\"pg-31-1\"  class=\"panel-grid\" ><div class=\"panel-grid-core\"><div id=\"pgc-31-1-0\"  class=\"panel-grid-cell \" ><div class=\"panel-widget-style\" ><h3 style=\"font-style: normal;\"><span>CoolLine-h\u00f6yrystimet ja -ilmanj\u00e4\u00e4hdyttimet soveltuvat sek\u00e4 kaupan- ett\u00e4 teollisuuden j\u00e4\u00e4hdytystarpeisiin.<\/span><\/h3><\/div><div class=\"panel-widget-style\" >\t\t\t<div class=\"textwidget\"><p>Elintarviketeollisuudessa hygieniavaatimukset ovat korkeat, joten h\u00f6yrystimien ja ilmanj\u00e4\u00e4hdyttimien tehokas ja vaivaton puhdistettavuus on \u00e4\u00e4rimm\u00e4isen t\u00e4rke\u00e4\u00e4. T\u00e4m\u00e4 on luonnollisesti huomioitu CoollLine-tuotteiden suunnittelussa. Laitteisiimme on saatavissa HACCP-hygieniasertifiointi, jolloin ne t\u00e4ytt\u00e4v\u00e4t elintarviketeollisuuden tehokkaan valvonnan vaatimukset.<\/p>\n<\/div>\n\t\t<\/div><\/div><div id=\"pgc-31-1-1\"  class=\"panel-grid-cell  \" ><div class=\"panel-widget-style\" ><p><img src=\"https:\/\/www.cooltrade.fi\/wp-content\/uploads\/2017\/12\/170719-Cuvaya-Cooltrade-SOK-9997.jpg\" alt=\"SOK:n Sipoon logistiikkavarastoon toimitettiin vuosien 2014-2017 aikana satoja CoolLine-ilmanj\u00e4\u00e4hdyttimi\u00e4.\" \/ ><\/p><\/div><\/div><\/div><\/div><div id=\"pg-31-2\"  class=\"panel-grid\" ><div class=\"panel-grid-core\"><div id=\"pgc-31-2-0\"  class=\"panel-grid-cell \" ><div class=\"panel-widget-style\" ><p><img src=\"https:\/\/www.cooltrade.fi\/wp-content\/uploads\/2017\/12\/Blast-Freezer-570x380.jpg\" alt=\"Blast Freezer on ilmanj\u00e4\u00e4hdytin, jota k\u00e4ytet\u00e4\u00e4n pikaj\u00e4\u00e4dytt\u00e4m\u00e4\u00e4n tuotteita kuten marjoja, leivonnaisia tms.\" \/ ><\/p><\/div><\/div><div id=\"pgc-31-2-1\"  class=\"panel-grid-cell  \" ><div class=\"panel-widget-style\" ><p><img src=\"https:\/\/www.cooltrade.fi\/wp-content\/uploads\/2017\/12\/CoolLine-Hoyrystin-CO2-SOK-Sipoo-logistiikkakeskus-2-570x380.jpg\" alt=\"SOK:n Sipoon logistiikkavaraston CoolLine-h\u00f6yrystimet ja -ilmanj\u00e4\u00e4hdyttimet valmistaa G\u00fcntner. Ne hoitavat tehokkaasti l\u00e4hetysalueiden, kuljetink\u00e4yt\u00e4vien, bufferien sek\u00e4 kylmien- ett\u00e4 pakastetilojen j\u00e4\u00e4hdytt\u00e4misen.\" \/ ><\/p><\/div><\/div><div id=\"pgc-31-2-2\"  class=\"panel-grid-cell \" ><div class=\"panel-widget-style\" ><p><img src=\"https:\/\/www.cooltrade.fi\/wp-content\/uploads\/2017\/12\/Lamellipatteri-LeelCoils-2-570x380.jpg\" alt=\"Lamellipatteri LeelCoils 2\" \/ ><\/p><\/div><\/div><\/div><\/div><div id=\"pg-31-3\"  class=\"panel-grid\" ><div class=\"panel-grid-core\"><div id=\"pgc-31-3-0\"  class=\"panel-grid-cell \" ><div class=\"panel-widget-style\" >\t\t\t<div class=\"textwidget\"><p><strong>TEKNISI\u00c4 TIETOJA<\/strong><\/p>\n<p><strong>Lamelliosa<\/strong><br \/>\n\u2022 materiaaleina: alumiini, AlMg 2,5, epoksik\u00e4sitelty alumiini, kupari, ruostumaton ter\u00e4s<br \/>\n\u2022 monta eri lamelliv\u00e4livaihtoehtoa<\/p>\n<p><strong>Kuori<\/strong><br \/>\n\u2022 pulverimaalattua alumiinia<br \/>\n\u2022 saatavilla my\u00f6s ruostumattomasta ter\u00e4ksest\u00e4<\/p>\n<\/div>\n\t\t<\/div><\/div><div id=\"pgc-31-3-1\"  class=\"panel-grid-cell  \" ><div class=\"panel-widget-style\" >\t\t\t<div class=\"textwidget\"><p><strong>Puhaltimet<\/strong><br \/>\n\u2022 AC-puhaltimet tai energiatehokkaat ja hiljaiset EC-puhaltimet<br \/>\n\u2022 korkean l\u00e4mp\u00f6tilan puhaltimet<br \/>\n\u2022 puhallinverkko mahdollista saada ruostumattomasta ter\u00e4ksest\u00e4<\/p>\n<p><strong>Kylm\u00e4aineet<\/strong><br \/>\n\u2022 perinteiset kylm\u00e4aineet<br \/>\n\u2022 CO2 ja ammoniakki -j\u00e4\u00e4hdyttimet<br \/>\n\u2022 CO2-kaasunj\u00e4\u00e4hdyttimet<\/p>\n<\/div>\n\t\t<\/div><\/div><\/div><\/div>","protected":false},"excerpt":{"rendered":"<p>Elintarviketeollisuudessa hygieniavaatimukset ovat korkeat, joten h\u00f6yrystimien ja ilmanj\u00e4\u00e4hdyttimien tehokas ja vaivaton puhdistettavuus on \u00e4\u00e4rimm\u00e4isen t\u00e4rke\u00e4\u00e4. T\u00e4m\u00e4 on luonnollisesti huomioitu CoollLine-tuotteiden suunnittelussa. Laitteisiimme on saatavissa HACCP-hygieniasertifiointi, jolloin ne t\u00e4ytt\u00e4v\u00e4t elintarviketeollisuuden tehokkaan valvonnan vaatimukset.<\/p>\n","protected":false},"author":1,"featured_media":0,"parent":23,"menu_order":0,"comment_status":"closed","ping_status":"closed","template":"","meta":[],"categories":[],"tags":[],"_links":{"self":[{"href":"https:\/\/www.cooltrade.fi\/index.php\/wp-json\/wp\/v2\/pages\/31"}],"collection":[{"href":"https:\/\/www.cooltrade.fi\/index.php\/wp-json\/wp\/v2\/pages"}],"about":[{"href":"https:\/\/www.cooltrade.fi\/index.php\/wp-json\/wp\/v2\/types\/page"}],"author":[{"embeddable":true,"href":"https:\/\/www.cooltrade.fi\/index.php\/wp-json\/wp\/v2\/users\/1"}],"replies":[{"embeddable":true,"href":"https:\/\/www.cooltrade.fi\/index.php\/wp-json\/wp\/v2\/comments?post=31"}],"version-history":[{"count":11,"href":"https:\/\/www.cooltrade.fi\/index.php\/wp-json\/wp\/v2\/pages\/31\/revisions"}],"predecessor-version":[{"id":489,"href":"https:\/\/www.cooltrade.fi\/index.php\/wp-json\/wp\/v2\/pages\/31\/revisions\/489"}],"up":[{"embeddable":true,"href":"https:\/\/www.cooltrade.fi\/index.php\/wp-json\/wp\/v2\/pages\/23"}],"wp:attachment":[{"href":"https:\/\/www.cooltrade.fi\/index.php\/wp-json\/wp\/v2\/media?parent=31"}],"wp:term":[{"taxonomy":"category","embeddable":true,"href":"https:\/\/www.cooltrade.fi\/index.php\/wp-json\/wp\/v2\/categories?post=31"},{"taxonomy":"post_tag","embeddable":true,"href":"https:\/\/www.cooltrade.fi\/index.php\/wp-json\/wp\/v2\/tags?post=31"}],"curies":[{"name":"wp","href":"https:\/\/api.w.org\/{rel}","templated":true}]}}