{"id":23,"date":"2017-04-10T12:45:44","date_gmt":"2017-04-10T12:45:44","guid":{"rendered":"http:\/\/cooltrade.planeetta.com\/?page_id=23"},"modified":"2020-09-07T13:27:07","modified_gmt":"2020-09-07T10:27:07","slug":"coolline-tuotteet","status":"publish","type":"page","link":"https:\/\/www.cooltrade.fi\/index.php\/coolline-tuotteet\/","title":{"rendered":"CoolLine-tuotteet"},"content":{"rendered":"<div id=\"pg-23-0\"  class=\"panel-grid\" ><div class=\"panel-grid-core\"><div id=\"pgc-23-0-0\"  class=\"panel-grid-cell \" ><div class=\"panel-widget-style\" style=\"background: url(&quot;false&quot;) !important; background-position: left top !important; background-repeat: repeat !important; background-size: auto !important; background-attachment: scroll !important;\" ><h1 style=\"font-style: normal;\"><span>Kattavat kokonaisratkaisut asiakkaidemme vaativimpiinkin tarpeisiin<\/span><\/h1><\/div><\/div><\/div><\/div><div id=\"pg-23-1\"  class=\"panel-grid\" ><div class=\"panel-grid-core\"><div id=\"pgc-23-1-0\"  class=\"panel-grid-cell \" ><div class=\"panel-widget-style\" style=\"background: url(&quot;false&quot;) !important; background-position: left top !important; background-repeat: repeat !important; background-size: auto !important; background-attachment: scroll !important;\" >\t\t\t<div class=\"textwidget\"><h3>Tavoitteenamme on yhteisty\u00f6ss\u00e4 kotimaisten ja kansainv\u00e4listen kumppaneidemme kanssa l\u00f6yt\u00e4\u00e4 aina asiakkaallemme paras mahdollinen ratkaisu, oli sitten kyse kylm\u00e4huoneen viilent\u00e4misest\u00e4, pakastevaraston j\u00e4\u00e4dytt\u00e4misest\u00e4, kuumien tuotteiden nopeasta pakastamisesta tai vaikka koko voimalaitoksen prosessin j\u00e4\u00e4hdytt\u00e4misest\u00e4. Me haluamme olla mukana. Olethan meihin yhteydess\u00e4, niin l\u00f6ydet\u00e4\u00e4n yhdess\u00e4 paras ratkaisu.<\/h3>\n<h2>Innovatiivisesti<\/h2>\n<p>Oman pitk\u00e4j\u00e4nteisen tuotekehityksemme tuloksena syntyneet CoolLine\u00ae-tuotteet edustavat uuden sukupolven l\u00e4mm\u00f6nsiirtimi\u00e4.<\/p>\n<h2>Laadukkaasti ja varmasti<\/h2>\n<p>CoolLine-tuotteita valmistavat johtavat kotimaiset ja eurooppalaiset lamellil\u00e4mm\u00f6nsiirrinvalmistajat, mik\u00e4 takaa niiden toimitusvarmuuden, ymp\u00e4rist\u00f6yst\u00e4v\u00e4llisyyden sek\u00e4 korkean teknisen laadun.<\/p>\n<h2>Asiakasl\u00e4ht\u00f6isesti<\/h2>\n<p>Tuotteemme suunnitellaan aina asiakasl\u00e4ht\u00f6isesti, ja ne vastaavat vaativimpiakin tarpeita ja laatuj\u00e4rjestelmi\u00e4 sek\u00e4 iranomaisten energiantehokkuudelle ja elintarvikehygienialle asettamiin vaatimuksia.<\/p>\n<\/div>\n\t\t<\/div><\/div><div id=\"pgc-23-1-1\"  class=\"panel-grid-cell \" ><div class=\"panel-widget-style\" ><p><img src=\"https:\/\/www.cooltrade.fi\/wp-content\/uploads\/2017\/12\/iStock-636172900.jpg\" alt=\"\" \/ ><\/p><\/div><\/div><\/div><\/div>","protected":false},"excerpt":{"rendered":"<p>Tavoitteenamme on yhteisty\u00f6ss\u00e4 kotimaisten ja kansainv\u00e4listen kumppaneidemme kanssa l\u00f6yt\u00e4\u00e4 aina asiakkaallemme paras mahdollinen ratkaisu, oli sitten kyse kylm\u00e4huoneen viilent\u00e4misest\u00e4, pakastevaraston j\u00e4\u00e4dytt\u00e4misest\u00e4, kuumien tuotteiden nopeasta pakastamisesta tai vaikka koko voimalaitoksen prosessin j\u00e4\u00e4hdytt\u00e4misest\u00e4. Me haluamme olla mukana. Olethan meihin yhteydess\u00e4, niin l\u00f6ydet\u00e4\u00e4n yhdess\u00e4 paras ratkaisu. Innovatiivisesti Oman pitk\u00e4j\u00e4nteisen tuotekehityksemme tuloksena syntyneet CoolLine\u00ae-tuotteet edustavat uuden sukupolven l\u00e4mm\u00f6nsiirtimi\u00e4. Laadukkaasti&hellip;<\/p>\n<p class=\"more-link\"><a href=\"https:\/\/www.cooltrade.fi\/index.php\/coolline-tuotteet\/\" class=\"themebutton3\">Read More<\/a><\/p>\n","protected":false},"author":1,"featured_media":0,"parent":0,"menu_order":0,"comment_status":"closed","ping_status":"closed","template":"","meta":[],"categories":[],"tags":[],"_links":{"self":[{"href":"https:\/\/www.cooltrade.fi\/index.php\/wp-json\/wp\/v2\/pages\/23"}],"collection":[{"href":"https:\/\/www.cooltrade.fi\/index.php\/wp-json\/wp\/v2\/pages"}],"about":[{"href":"https:\/\/www.cooltrade.fi\/index.php\/wp-json\/wp\/v2\/types\/page"}],"author":[{"embeddable":true,"href":"https:\/\/www.cooltrade.fi\/index.php\/wp-json\/wp\/v2\/users\/1"}],"replies":[{"embeddable":true,"href":"https:\/\/www.cooltrade.fi\/index.php\/wp-json\/wp\/v2\/comments?post=23"}],"version-history":[{"count":10,"href":"https:\/\/www.cooltrade.fi\/index.php\/wp-json\/wp\/v2\/pages\/23\/revisions"}],"predecessor-version":[{"id":501,"href":"https:\/\/www.cooltrade.fi\/index.php\/wp-json\/wp\/v2\/pages\/23\/revisions\/501"}],"wp:attachment":[{"href":"https:\/\/www.cooltrade.fi\/index.php\/wp-json\/wp\/v2\/media?parent=23"}],"wp:term":[{"taxonomy":"category","embeddable":true,"href":"https:\/\/www.cooltrade.fi\/index.php\/wp-json\/wp\/v2\/categories?post=23"},{"taxonomy":"post_tag","embeddable":true,"href":"https:\/\/www.cooltrade.fi\/index.php\/wp-json\/wp\/v2\/tags?post=23"}],"curies":[{"name":"wp","href":"https:\/\/api.w.org\/{rel}","templated":true}]}}